*2 + 9*a + 5. Suppose 0 = 3*b - 3*j - 90, -2*j = -b + 22 + 7. Let o = b + -37. Determine n(o).
-13
Let f(n) = 18*n + 161. Let v be f(-9). Let p(k) = -6*k - 5. Calculate p(v).
1
Let z(y) = -86 + 112 - 22 + 4*y. Determine z(-5).
-16
Let z be ((-2)/(-7))/(-4 - 450/(-112)). Let y(p) = p**2 - 16*p + 16. What is y(z)?
16
Let i(g) = g**3 + 5*g**2 + g - 1. Suppose 1 + 4 = b. Suppose -b*f = -2*k + 11, -4*f - 2 = 5*k + 20. Let r(z) = 3*z + 4. Let m be r(f). Give i(m).
-6
Let m(c) be the first derivative of 27*c**4/2 - 2*c**3/3 + c**2 - c - 235. What is m(1)?
53
Let p(r) be the first derivative of r**4/4 + 5*r**3/3 - 3*r**2 - 3*r - 1. Let t be 3/5 + ((-198)/15)/2. Determine p(t).
-3
Let b(u) = u**2 + 7*u - 6. Suppose f - 3*f + 3*t - 11 = 0, -2*f + 19 = 3*t. Suppose -6*a + f*a - 24 = 0. What is b(a)?
-12
Let k(y) = -y**2 + 5*y + 7. Suppose -36 = -4*o - 0*o. Suppose -36 = -o*v + 27. Calculate k(v).
-7
Let k(o) be the third derivative of o**6/360 - o**5/20 + o**4/3 - 5*o**3/3 + o**2 - 9. Let u(g) be the first derivative of k(g). Calculate u(8).
24
Let l(k) = 3*k**2 + 4*k - 1. Let g = 12 - 6. Suppose -11*v = -g*v - 10. Let h(p) = -p**2. Let j(o) = v*h(o) + l(o). Determine j(-3).
-4
Let i(m) = -5*m**2 + 5*m + 1 + 4*m**2 - 12*m + 4 + 6. Determine i(-9).
-7
Let u(r) = 7*r**2 + 0*r + 1 - 6*r - 8*r**2 + 2 - 4. What is u(-6)?
-1
Let k(f) be the third derivative of -f**6/120 - f**5/60 + f**4/8 + 2*f**3/3 - f**2 + 45. Give k(-2).
2
Let p be 4 - ((-3)/(-9)*9 - 2). Let m(x) = -x - 1. Let j(l) = 2*l**2 - 2 - 2*l - l**2 + 4*l. Let r(g) = p*m(g) - j(g). Determine r(-4).
3
Let h = 580 - 576. Let u(a) be the second derivative of a**5/20 - a**4/4 - a**3/2 + a**2/2 + a. Calculate u(h).
5
Let y(z) = -5*z**2 + 6*z. Let x(p) = p**2 - p. Let i(v) = -4*x(v) - y(v). Let c = -183 - -181. Calculate i(c).
8
Let g = 354 + -349. Let m be ((-2)/(-4))/(2/4). Let k(c) = c**3 + c**2 + c. Let n(i) = -5*i**3 - 10*i**2 - 11*i - 2. Let s(r) = m*n(r) + 6*k(r). Give s(g).
-2
Let v be (-3 - -1)/(-4 + (-161)/(-42)). Let b(k) = k**2 - 12*k - 2. Calculate b(v).
-2
Let c be ((-9)/27)/((-2)/(-18)). Let l be 2*(-6 + c)/3. Let m(q) = q**2 + 8*q + 6. Calculate m(l).
-6
Let q(x) = -5 + 7 - 6 - 3 - x. Let k be q(-4). Let v(o) = -o**3 - 5*o**2 - 4*o + 1. Let s be v(k). Let n(j) = j**3 + 4*j**2 - 5*j + 2. Determine n(s).
2
Let d(n) = -n**3 - 2*n**2 + 5*n + 1. Suppose -7*i - 21 = -0*i. Let b be d(i). Let f(o) = o**2 + 8*o + 6. Calculate f(b).
-9
Suppose -3*x + 156 = -4*g, 39 = -2*g + g - 3*x. Let z = -44 - g. Let p(a) = a**2 + 0*a**2 + 5*a + 1 + 0. Calculate p(z).
1
Suppose 0 = o + 2*l - 4, 0 = -5*o - l - 0*l + 2. Let f(c) = -c**2 - 22. Calculate f(o).
-22
Let k(l) = 5*l + 24. Let d be k(-5). Let p be d*(1/(-1))/(-1). Let v(x) = -11*x**2 - 1. What is v(p)?
-12
Let x(d) = -41*d + 14. Let g(o) = 15*o - 5. Let a(z) = 11*g(z) + 4*x(z). Let r(p) = -p**3 - 3*p**2 + p - 3. Let h be r(-3). Calculate a(h).
-5
Suppose -1090 = -3*o - 1078. Suppose -p + 5*k + 10 = 0, k + 5 = 2*p - 6. Let h(s) = o*s + 1 - p*s + 3*s. What is h(-3)?
-5
Let n be 124/93 - (-32)/(-6). Let g(r) = -r**3 + 5*r**2 - r + 7. Let u be g(5). Let s(c) = c - 5*c - u + c. Give s(n).
10
Let q(i) be the second derivative of i**3/6 - 6*i**2 - i + 116. Give q(8).
-4
Let k be ((-8)/(-2))/4 + 27/9. Let b(m) = -m. Let y(a) = 55*a. Let h(t) = -44*b(t) - y(t). Let f(v) = -17*v. Let d(w) = -5*f(w) + 8*h(w). What is d(k)?
-12
Let o(x) = -3*x**3 - 14*x**2 - 7*x - 12. Let s(l) = 5*l**3 + 27*l**2 + 12*l + 25. Let n(b) = -7*o(b) - 4*s(b). Determine n(10).
-6
Let h(x) be the second derivative of -x**4/12 - 7*x**3/6 - 3*x**2 - 113*x. Determine h(-3).
6
Let r(c) = -2*c - 1. Let l(d) = d**2 - 4*d - 3. Let z(u) = 2*l(u) - 5*r(u). Let x(t) = t**3 + 4*t**2 - t - 6. Let a be x(-4). Determine z(a).
3
Let h = 1057/4 + -264. Let i(g) be the first derivative of -g + g**3 + 0*g**2 + h*g**4 - 4. Give i(-2).
3
Let v(t) = -t**3 - 3*t**2 - t + 6. Suppose 0 = -3*h + 4*k - 13, -3*h = k + 36 - 28. Calculate v(h).
9
Let n(i) = 4*i. Let j be 2 + 1 + 7 - 5. Suppose -z - 3*o + 16 = 4*z, -5*o = -5*z. Suppose z*x - 7*x = -j. What is n(x)?
4
Let w(g) = g**2 - 2*g - 8. Let u be -7 - (-75)/(15/3). What is w(u)?
40
Let p(t) = t**3 - 3*t**2 - 5*t + 6. Let a(n) = -n + 4. Let l be a(0). Let z be p(l). Suppose 0 + 2 = z*c. Let r(q) = 7*q**3 - q**2 + 2*q - 1. What is r(c)?
7
Let p(s) = 10*s**2 + 34*s - 9. Let m(b) = 14*b**2 + 34*b - 11. Let i(a) = 2*m(a) - 3*p(a). Determine i(-17).
5
Let u(m) = m**2 + 5*m - 3. Suppose 52 = -3*w + 7*w. Let n = w + -4. Suppose 3*p = -2*l - 23, -19 = 4*p + 2*l + n. What is u(p)?
-3
Let h(v) = v**3 + 6*v**2 + 6*v + 3. Let b = -773 - -768. Calculate h(b).
-2
Let n(y) = -3*y**2 - 5*y - 4. Let w = 850 - 852. Determine n(w).
-6
Let u = -154319/120 + 1286. Let w(i) be the third derivative of 1/12*i**4 + u*i**6 + 0 + 1/12*i**5 + 0*i - 2*i**2 - 5/6*i**3. Determine w(-4).
3
Let p(a) = -3*a**3 - 4*a**3 + 1 - a**2 + 9*a**3. Let i be 21/15 + 6/10. Suppose -5*h - 4*b + 3 = -10, i*b = 3*h + 1. Give p(h).
2
Let p(h) = 2*h + 61. Let a be p(-29). Let f(l) = -l**2 + 6*l - 1. Determine f(a).
8
Let y(q) be the first derivative of -2*q**2 + 2*q - 193. Determine y(-6).
26
Let t(j) = j**2 - j + 1. Suppose 0 = 3*q + 2*c + 20, 2*q - 5*c - 28 = 4*q. Let w(h) = h**3 - 12*h**2 + 4*h - 7. Let p(d) = q*t(d) - w(d). Give p(8).
3
Suppose 70 = -5*q + 5*p, -4*p = -2*q + 2 - 28. Let k(m) = -m**3 - 16*m**2 - 13*m + 15. What is k(q)?
-15
Let a(t) = 6*t - 3*t**2 + 3*t**2 - 2*t**2. Let j = -168 + 172. Determine a(j).
-8
Let r(q) be the second derivative of -q**5/20 + 7*q**4/12 + q**3/2 + q**2/2 + 58*q. What is r(7)?
22
Let x(r) = 12*r**2. Let d = -16 - -17. Let a be x(d). Suppose -5*y = a + 8. Let m(l) = -2*l + 3. Calculate m(y).
11
Let x(z) = z - 6. Let d(g) = -20*g - 231. Let l be d(-12). Determine x(l).
3
Let t(l) = 4 + 7*l - 3*l - 5 - l. Calculate t(-4).
-13
Let g be 6/(-2) - (-6)/2. Suppose g = -w + t, w = 7*t - 3*t. Let c(h) = -h - 2*h**2 - 5*h - 8 + 3*h**2 + w*h**2. Calculate c(7).
-1
Let l(g) be the first derivative of g**2/2 - 25*g - 46. Determine l(22).
-3
Let t(a) = -18*a - 11. Let g(i) = 21*i + 27*i - 42*i + 5 - 2. Let r(x) = -7*g(x) - 2*t(x). Calculate r(-1).
7
Let a(y) be the third derivative of 1/12*y**5 + 0*y**3 + 19*y**2 - 1/8*y**4 + 0*y - 1/120*y**6 + 0. Determine a(4).
4
Let w(t) be the second derivative of -t**4/12 + 2*t**3/3 + 2*t**2 - 80*t + 3. Give w(4).
4
Suppose 30*h - 35*h + 65 = 0. Let v(y) = -y - h - 2*y + 12. Determine v(1).
-4
Let v(w) = 15*w - 1 + 16*w + 1 - 23*w + 6. What is v(-7)?
-50
Let x = 4 - 2. Let n(p) = -2*p**2 - 4 + p**x + 3*p**2 - 2*p + 0*p**2 + p**3. Let l(w) = -3*w**2 - w - 1. Let k be l(-1). Calculate n(k).
-7
Let k(u) be the first derivative of -u**4/4 + 2*u**3 + 3*u**2 - u + 263. Calculate k(6).
35
Let m(y) = -3*y**2 + y + 2. Let b be m(-2). Let a(c) = c + 15. Give a(b).
3
Let a(b) = -b**2 - 4*b - 3. Let j = 24 + -20. Suppose 0*t - j*t = 72. Let z be 42/t + 1/3. What is a(z)?
1
Let d(t) = -t**3 + t**2 + 4*t + 1. Let m(a) = -a - 1. Let f be m(-10). Suppose -4*z + 7*z - f = 0. Suppose 3*l - z = 6. Calculate d(l).
-5
Let m(x) = x**2 + 4*x + 4. Suppose 0 = -8*z + 7*z + 2*i - 2, 0 = z - 4*i. Calculate m(z).
4
Let r(l) = l + 13. Let y be r(-11). Suppose -6 = g - y. Let z(a) = -a**2 - 5*a - 2. Let o be z(g). Let p(d) = 2*d - 2. Give p(o).
2
Suppose 2*h = 7 - 5. Suppose -6*n = -h + 7. Let w(m) = -11*m**2. Calculate w(n).
-11
Suppose x - 54 = -2*x - a, 0 = a + 3. Let o(i) = -4*i - 1 - 4*i + x*i - 4*i. Calculate o(2).
13
Suppose -30*o - 48 = -24*o. Let i(z) = z - 1. Calculate i(o).
-9
Let o(a) = 0*a + 3*a - 4*a - 6*a**2. Let k = -5 - -5. Suppose k = -4*u - 3 - 1. Give o(u).
-5
Let g(c) be the second derivative of -5*c**3/6 - 2*c**2 - c. Let w(h) = 11*h + 8. Let q(b) = -9*g(b) - 4*w(b). Suppose 18 = 3*i + 6. What is q(i)?
8
Let t(a) = a**2 - 27*a + 101. Let s be t(22). Let q(f) = -f**3 - 8*f**2 + 9*f + 9. Give q(s).
9
Let f(v) = v + 2. Let h(d) = -d**3 + 5*d. Let m be h(-3). Give f(m).
14
Let x(h) = h**3 - 5*h**2 - 3*h - 5. Suppose 3*n - 18 = 2*s, -12 = -2*n + 50*s - 53*s. Calculate x(n).
13
Let i(k) = 2*k - 5. Let a(z) = 4*z - 4. Let w(h) = -3*a(h) + 4*i(h). Give w(-6).
16
Let g be 24/2*3/12. Let x(s) = -s**2 + g*s + s - 12 - 2*s**2 + 11. Calculate x(3).
-16
Let k(c) = 